{"id":166,"date":"2024-09-08T14:12:18","date_gmt":"2024-09-08T14:12:18","guid":{"rendered":"https:\/\/hotelfux.de\/?page_id=166"},"modified":"2024-09-08T14:18:33","modified_gmt":"2024-09-08T14:18:33","slug":"datenschutzerklaerung","status":"publish","type":"page","link":"https:\/\/hotelfux.de\/?page_id=166","title":{"rendered":"Datenschutzerkl\u00e4rung"},"content":{"rendered":"<div data-colibri-id=\"166-c1\" class=\"style-304 style-local-166-c1 position-relative\">\n  <!---->\n  <div data-colibri-component=\"section\" data-colibri-id=\"166-c2\" id=\"custom\" class=\"h-section h-section-global-spacing d-flex align-items-lg-center align-items-md-center align-items-center style-305 style-local-166-c2 position-relative\">\n    <!---->\n    <!---->\n    <div class=\"h-section-grid-container h-section-boxed-container\">\n      <!---->\n      <div data-colibri-id=\"166-c3\" class=\"h-row-container gutters-row-lg-2 gutters-row-md-2 gutters-row-0 gutters-row-v-lg-2 gutters-row-v-md-2 gutters-row-v-2 style-306 style-local-166-c3 position-relative\">\n        <!---->\n        <div class=\"h-row justify-content-lg-center justify-content-md-center justify-content-center align-items-lg-stretch align-items-md-stretch align-items-stretch gutters-col-lg-2 gutters-col-md-2 gutters-col-0 gutters-col-v-lg-2 gutters-col-v-md-2 gutters-col-v-2\">\n          <!---->\n          <div class=\"h-column h-column-container d-flex h-col-lg-auto h-col-md-auto h-col-auto style-307-outer style-local-166-c4-outer\">\n            <div data-colibri-id=\"166-c4\" class=\"d-flex h-flex-basis h-column__inner h-px-lg-2 h-px-md-2 h-px-2 v-inner-lg-2 v-inner-md-2 v-inner-2 style-307 style-local-166-c4 position-relative\">\n              <!---->\n              <!---->\n              <div class=\"w-100 h-y-container h-column__content h-column__v-align flex-basis-100 align-self-lg-start align-self-md-start align-self-start\">\n                <!---->\n                <div data-colibri-id=\"166-c5\" class=\"h-text h-text-component style-308 style-local-166-c5 position-relative h-element\">\n                  <!---->\n                  <!---->\n                  <div class=\"\">\n                    <h1><strong style=\"color: rgb(255, 0, 0);\"><span>Datenschutzerkl\u00e4rung<\/span><\/strong><\/h1>\n                    <p>&nbsp;<\/p>\n                    <p><span style=\"font-family: Arimo; font-size: 16px;\">In dieser Datenschutzerkl\u00e4rung informieren wir Sie \u00fcber die Verarbeitung personenbezogener Daten bei der Nutzung dieser Website<\/span><span style=\"font-family: Arimo; font-size: 16px; color: rgb(153, 153, 153);\">.&nbsp;<\/span>\n                      <span\n                        style=\"font-family: Arimo; font-size: 16px; color: rgb(153, 153, 153);\">Die folgenden Hinweise geben einen \u00dcberblick dar\u00fcber, was mit diesen passiert, wenn Sie unsere Website besuchen. Personenbezogene Daten sind alle Daten, mit denen Sie pers\u00f6nlich identifiziert werden k\u00f6nnen.&nbsp;Die Betreiber dieser\n                        Seiten nehmen den Schutz Ihrer pers\u00f6nlichen Daten sehr ernst. Wir behandeln Ihre personenbezogenen Daten vertraulich und entsprechend der gesetzlichen Datenschutzvorschriften sowie dieser Datenschutzerkl\u00e4rung.&nbsp;Die vorliegende\n                        Datenschutzerkl\u00e4rung erl\u00e4utert, welche Daten wir erheben und wof\u00fcr wir sie nutzen. Sie erl\u00e4utert auch, wie und zu welchem Zweck das geschieht.&nbsp;Wir weisen darauf hin, dass die Daten\u00fcbertragung im Internet (z. B. bei der Kommunikation\n                        per E-Mail) Sicherheitsl\u00fccken aufweisen kann. Ein l\u00fcckenloser Schutz der Daten vor dem Zugriff durch Dritte ist nicht m\u00f6glich.<\/span>\n                    <\/p>\n                    <p><strong style=\"color: rgb(93, 182, 250); font-family: Arimo;\"><span>Verantwortliche\/r<\/span><\/strong><\/p>\n                    <p><span style=\"font-family: Arimo; font-size: 16px;\">Wer ist verantwortlich f\u00fcr die Datenerfassung auf dieser Website?<\/span><\/p>\n                    <p><span style=\"font-family: Arimo; font-size: 16px;\">Die Datenverarbeitung auf dieser Website erfolgt durch den Websitebetreiber:<\/span><\/p>\n                    <p><span style=\"font-family: Arimo; font-size: 16px;\">Name und Anschrift:&nbsp;<\/span><\/p>\n                    <p><span style=\"font-family: Arimo; font-size: 16px;\">Hotelfux GmbH<\/span><span style=\"font-family: Arimo; font-size: 16px;\"><br><\/span><span style=\"font-family: Arimo; font-size: 16px;\">T.&nbsp;09331 983915<br>F. 09331.983929<br>E-Mail. info@hotelfux.de<br>Gesellschafterversammlung: Daniel Reuner, Sascha Bannier, Rainer Sievers<\/span><\/p>\n                    <p><span style=\"font-family: Arimo; font-size: 16px;\">Weiter Daten k\u00f6nnen Sie dem <\/span>\n                      <a href=\"https:\/\/www.hotelfux.de\/Impressum\" style=\"font-family: Arimo; font-size: 16px;\" class=\"customize-unpreviewable\"><span>Impressum<\/span><\/a><span style=\"font-family: Arimo; font-size: 16px;\"> dieser Website entnehmen.<\/span><\/p>\n                    <p><\/p>\n                    <p><strong style=\"color: rgb(93, 182, 250); font-family: Arimo;\"><span>Personenbezogene Daten<\/span><\/strong><\/p>\n                    <p><span style=\"font-family: Arimo;\">Personenbezogene Daten sind alle Informationen, die sich auf eine identifizierte oder identifizierbare nat\u00fcrliche Person (im Folgenden &#8222;betroffene Person&#8220;) beziehen. Als identifizierbar wird eine nat\u00fcrliche Person angesehen, die direkt oder indirekt, insbesondere mittels Zuordnung zu einer Kennung wie einem Namen, zu einer Kennnummer, zu Standortdaten, zu einer Online-Kennung oder zu einem oder mehreren besonderen Merkmalen identifiziert werden kann, die Ausdruck der physischen, physiologischen, genetischen, psychischen, wirtschaftlichen, kulturellen oder sozialen Identit\u00e4t dieser nat\u00fcrlichen Person sind.<\/span><\/p>\n                    <p><strong style=\"color: rgb(93, 182, 250); font-family: Arimo;\"><span>Daten beim Websiteaufruf<\/span><\/strong><\/p>\n                    <p><span style=\"font-family: Arimo; font-size: 16px;\">Wenn Sie diese Website nur nutzen, um sich zu informieren und keine Daten angeben, dann verarbeiten wir nur die Daten, die zur Anzeige der Website auf dem von Ihnen verwendeten internetf\u00e4higen Ger\u00e4t erforderlich sind. Das sind insbesondere:<\/span><\/p>\n                    <ul>\n                      <li><span style=\"font-family: Arimo; font-size: 16px;\">IP-Adresse<\/span><\/li>\n                    <\/ul>\n                    <ul>\n                      <li><span style=\"font-family: Arimo; font-size: 16px;\">Datum und Uhrzeit der Anfrage<\/span><\/li>\n                    <\/ul>\n                    <ul>\n                      <li><span style=\"font-family: Arimo; font-size: 16px;\">jeweils \u00fcbertragene Datenmenge<\/span><\/li>\n                    <\/ul>\n                    <ul>\n                      <li><span style=\"font-family: Arimo; font-size: 16px;\">die Website, von der die Anforderung kommt<\/span><\/li>\n                    <\/ul>\n                    <ul>\n                      <li><span style=\"font-family: Arimo; font-size: 16px;\">Browsertyp und Browserversion<\/span><\/li>\n                    <\/ul>\n                    <ul>\n                      <li><span style=\"font-family: Arimo; font-size: 16px;\">Betriebssystem<\/span><\/li>\n                    <\/ul>\n                    <p><span style=\"font-family: Arimo; font-size: 16px;\">Rechtsgrundlage f\u00fcr die Verarbeitung dieser Daten sind berechtigte Interessen gem\u00e4\u00df Art. 6 Abs. 1 UAbs. 1 Buchstabe f) DSGVO, um die Darstellung der Website grunds\u00e4tzlich zu erm\u00f6glichen.<\/span><\/p>\n                    <p><span style=\"font-family: Arimo; font-size: 16px;\">Dar\u00fcber hinaus k\u00f6nnen Sie verschiedene Leistungen auf der Website nutzen, bei der weitere personenbezogene und nicht personenbezogene Daten verarbeitet werden.<\/span><\/p>\n                    <p><strong style=\"color: rgb(93, 182, 250); font-family: Arimo; font-size: 16px;\"><span>Ihre Rechte<\/span><\/strong><\/p>\n                    <p><span style=\"font-family: Arimo; font-size: 16px;\">Als betroffene Person haben Sie folgende Rechte:<\/span><\/p>\n                    <ul>\n                      <li><span style=\"font-family: Arimo; font-size: 16px;\">Sie haben ein Auskunftsrecht bez\u00fcglich der Sie betreffenden personenbezogenen Daten, die der Verantwortliche verarbeitet (Art. 15 DSGVO),<\/span><\/li>\n                    <\/ul>\n                    <ul>\n                      <li><span style=\"font-family: Arimo; font-size: 16px;\">Sie haben das Recht auf Berichtigung der Sie betreffenden Daten, wenn diese unrichtig oder unvollst\u00e4ndig gespeichert werden (Art. 16 DSGVO),<\/span><\/li>\n                    <\/ul>\n                    <ul>\n                      <li><span style=\"font-family: Arimo; font-size: 16px;\">Sie haben das Recht auf L\u00f6schung (Art. 17 DSGVO),<\/span><\/li>\n                    <\/ul>\n                    <ul>\n                      <li><span style=\"font-family: Arimo; font-size: 16px;\">Sie haben das Recht, die Einschr\u00e4nkung der Verarbeitung Ihrer personenbezogenen Daten zu verlangen (Art. 18 DSGVO),<\/span><\/li>\n                    <\/ul>\n                    <ul>\n                      <li><span style=\"font-family: Arimo; font-size: 16px;\">Sie haben das Recht auf Daten\u00fcbertragbarkeit (Art. 20 DSGVO),<\/span><\/li>\n                    <\/ul>\n                    <ul>\n                      <li><span style=\"font-family: Arimo; font-size: 16px;\">Sie haben ein Widerspruchsrecht gegen die Verarbeitung Sie betreffender personenbezogener Daten (Art. 21 DSGVO),<\/span><\/li>\n                    <\/ul>\n                    <ul>\n                      <li><span style=\"font-family: Arimo; font-size: 16px;\">Sie haben das Recht nicht einer ausschlie\u00dflich auf einer automatisierten Verarbeitung \u2013 einschlie\u00dflich Profiling \u2013 beruhenden Entscheidung unterworfen zu werden, die Ihnen gegen\u00fcber rechtliche Wirkung entfaltet oder sie in \u00e4hnlicher Weise erheblich beeintr\u00e4chtigt (Art. 22 DSGVO),<\/span><\/li>\n                    <\/ul>\n                    <ul>\n                      <li><span style=\"font-family: Arimo; font-size: 16px;\">Sie haben das Recht, sich bei einem vermuteten Versto\u00df gegen das Datenschutzrecht bei der zust\u00e4ndigen Aufsichtsbeh\u00f6rde zu beschweren (Art. 77 DSGVO). Zust\u00e4ndig ist die Aufsichtsbeh\u00f6rde an Ihrem \u00fcblichen Aufenthaltsort, Arbeitsplatz oder am Ort des vermuteten Versto\u00dfes.<\/span><\/li>\n                    <\/ul>\n                    <p><span><br><\/span><\/p>\n                    <p><strong style=\"font-family: Arimo; font-size: 16px; color: rgb(93, 182, 250);\"><span>WIDERRUF IHRER EINWILLIGUNG ZUR DATENVERARBEITUNG<\/span><\/strong><\/p>\n                    <p><span style=\"font-family: Arimo; font-size: 16px;\">Viele Datenverarbeitungsvorg\u00e4nge sind nur mit Ihrer ausdr\u00fccklichen Einwilligung m\u00f6glich. Sie k\u00f6nnen eine bereits erteilte Einwilligung jederzeit widerrufen. Dazu reicht eine formlose Mitteilung per E-Mail an uns. Die Rechtm\u00e4\u00dfigkeit der bis zum Widerruf erfolgten Datenverarbeitung bleibt vom Widerruf unber\u00fchrt.<\/span><\/p>\n                    <p><strong style=\"font-family: Arimo; font-size: 16px; color: rgb(93, 182, 250);\"><span>WIDERSPRUCHSRECHT GEGEN DIE DATENERHEBUNG IN BESONDEREN F\u00c4LLEN SOWIE GEGEN DIREKTWERBUNG (ART. 21 DSGVO)<\/span><\/strong><\/p>\n                    <p><span style=\"font-family: Arimo; font-size: 16px;\">Wenn die Datenverarbeitung auf Grundlage von Art. 6 Abs. 1 lit. e oder f DSGVO erfolgt, haben Sie jederzeit das Recht, aus Gr\u00fcnden, die sich aus Ihrer besonderen Situation ergeben, gegen die Verarbeitung Ihrer personenbezogenen Daten Widerspruch einzulegen; dies gilt auch f\u00fcr ein auf diese Bestimmungen gest\u00fctztes Profiling. Die jeweilige Rechtsgrundlage, auf denen eine Verarbeitung beruht, entnehmen Sie dieser Datenschutzerkl\u00e4rung. Wenn Sie Widerspruch einlegen, werden wir Ihre betroffenen personenbezogenen Daten nicht mehr verarbeiten, es sei denn, wir k\u00f6nnen zwingende schutzw\u00fcrdige Gr\u00fcnde f\u00fcr die Verarbeitung nachweisen, die Ihre Interessen, Rechte und Freiheiten \u00fcberwiegen oder die Verarbeitung dient der Geltendmachung, Aus\u00fcbung oder Verteidigung von Rechtsanspr\u00fcchen (Widerspruch nach Art. 21 Abs. 1 DSGVO).<\/span><\/p>\n                    <p><span style=\"font-family: Arimo; font-size: 16px;\">Werden Ihre personenbezogenen Daten verarbeitet, um Direktwerbung zu betreiben, so haben Sie das Recht, jederzeit Widerspruch gegen die Verarbeitung Sie betreffender personenbezogener Daten zum Zwecke derartiger Werbung einzulegen; dies gilt auch f\u00fcr das Profiling, soweit es mit solcher Direktwerbung in Verbindung steht. Wenn Sie widersprechen, werden Ihre personenbezogenen Daten anschlie\u00dfend nicht mehr zum Zwecke der Direktwerbung verwendet (Widerspruch nach Art. 21 Abs. 2 DSGVO).<\/span><\/p>\n                    <p><strong style=\"color: rgb(93, 182, 250); font-family: Arimo; font-size: 16px;\"><span>Einsatz von Cookies&nbsp;<\/span><\/strong><\/p>\n                    <p><span style=\"font-family: Arimo; font-size: 16px;\">Beim Besuch der Website k\u00f6nnen Cookies auf Ihrem Ger\u00e4t gespeichert werden. Cookies sind kleine Textdateien, die von dem von Ihnen verwendeten Browser gespeichert werden. Cookies k\u00f6nnen keine Programme ausf\u00fchren und auch keine Viren auf Ihr Ger\u00e4t \u00fcbertragen. Die Stelle, die den Cookie setzt, kann dar\u00fcber jedoch bestimmte Informationen erhalten. Cookies dienen dazu, das Internetangebot benutzerfreundlicher zu machen. Mithilfe von Cookies kann beispielsweise das Ger\u00e4t, mit dem diese Website aufgerufen wurde, bei einem erneuten Aufruf erkannt werden.<\/span><\/p>\n                    <p><span style=\"font-family: Arimo; font-size: 16px;\">Durch die Browsereinstellungen l\u00e4sst sich das Setzen von Cookies einschr\u00e4nken oder verhindern. So kann z. B. nur die Annahme von Cookies, die von Drittanbietern stammen, blockiert werden oder aber auch die Annahme von allen Cookies. Durch das Blockieren sind jedoch m\u00f6glicherweise nicht mehr alle Funktionen dieser Website nutzbar. Im weiteren Text dieser Datenschutzerkl\u00e4rung informieren wir Sie konkret, an welchen Stellen und zu welchen Zwecken Cookies auf den Seiten zum Einsatz kommen.<\/span><\/p>\n                    <p><strong style=\"color: rgb(93, 182, 250); font-family: Arimo; font-size: 16px;\"><span>SERVER-LOG-DATEIEN<\/span><\/strong><\/p>\n                    <p><span style=\"font-family: Arimo; font-size: 16px;\">Der Provider der Seiten erhebt und speichert automatisch Informationen in so genannten Server-Log-Dateien, die Ihr Browser automatisch an uns \u00fcbermittelt. Dies sind:<\/span><\/p>\n                    <ul>\n                      <li><span style=\"font-family: Arimo; font-size: 16px;\">Browsertyp und Browserversion<\/span><\/li>\n                    <\/ul>\n                    <ul>\n                      <li><span style=\"font-family: Arimo; font-size: 16px;\">verwendetes Betriebssystem<\/span><\/li>\n                    <\/ul>\n                    <ul>\n                      <li><span style=\"font-family: Arimo; font-size: 16px;\">Referrer URL<\/span><\/li>\n                    <\/ul>\n                    <ul>\n                      <li><span style=\"font-family: Arimo; font-size: 16px;\">Hostname des zugreifenden Rechners<\/span><\/li>\n                    <\/ul>\n                    <ul>\n                      <li><span style=\"font-family: Arimo; font-size: 16px;\">Uhrzeit der Serveranfrage<\/span><\/li>\n                    <\/ul>\n                    <ul>\n                      <li><span style=\"font-family: Arimo; font-size: 16px;\">IP-Adresse<\/span><\/li>\n                    <\/ul>\n                    <p><span style=\"font-family: Arimo; font-size: 16px;\">Eine Zusammenf\u00fchrung dieser Daten mit anderen Datenquellen wird nicht vorgenommen.<\/span><\/p>\n                    <p><span style=\"font-family: Arimo; font-size: 16px;\">Die Erfassung dieser Daten erfolgt auf Grundlage von Art. 6 Abs. 1 lit. f DSGVO. Der Websitebetreiber hat ein berechtigtes Interesse an der technisch fehlerfreien Darstellung und der Optimierung seiner Website \u2013 hierzu m\u00fcssen die Server-Log-Files erfasst werden.<\/span><\/p>\n                    <p><strong style=\"color: rgb(93, 182, 250); font-family: Arimo; font-size: 16px;\"><span>KONTAKTFORMULAR<\/span><\/strong><\/p>\n                    <p><span style=\"font-family: Arimo; font-size: 16px;\">Wenn Sie uns per Kontaktformular Anfragen zukommen lassen, werden Ihre Angaben aus dem Anfrageformular inklusive der von Ihnen dort angegebenen Kontaktdaten zwecks Bearbeitung der Anfrage und f\u00fcr den Fall von Anschlussfragen bei uns gespeichert. Diese Daten geben wir nicht ohne Ihre Einwilligung weiter.<\/span><\/p>\n                    <p><span style=\"font-family: Arimo; font-size: 16px;\">Die Verarbeitung der in das Kontaktformular eingegebenen Daten erfolgt somit ausschlie\u00dflich auf Grundlage Ihrer Einwilligung (Art. 6 Abs. 1 lit. a DSGVO). Sie k\u00f6nnen diese Einwilligung jederzeit widerrufen. Dazu reicht eine formlose Mitteilung per E-Mail an uns. Die Rechtm\u00e4\u00dfigkeit der bis zum Widerruf erfolgten Datenverarbeitungsvorg\u00e4nge bleibt vom Widerruf unber\u00fchrt.<\/span><\/p>\n                    <p><span style=\"font-family: Arimo; font-size: 16px;\">Die von Ihnen im Kontaktformular eingegebenen Daten verbleiben bei uns, bis Sie uns zur L\u00f6schung auffordern, Ihre Einwilligung zur Speicherung widerrufen oder der Zweck f\u00fcr die Datenspeicherung entf\u00e4llt (z. B. nach abgeschlossener Bearbeitung Ihrer Anfrage). Zwingende gesetzliche Bestimmungen \u2013 insbesondere Aufbewahrungsfristen \u2013 bleiben unber\u00fchrt.<\/span><\/p>\n                    <p><strong style=\"color: rgb(93, 182, 250); font-family: Arimo; font-size: 16px;\"><span>ANFRAGE PER E-MAIL, TELEFON ODER TELEFAX<\/span><\/strong><\/p>\n                    <p><span style=\"font-family: Arimo; font-size: 16px;\">Wenn Sie uns per E-Mail, Telefon oder Telefax kontaktieren, wird Ihre Anfrage inklusive aller daraus hervorgehenden personenbezogenen Daten (Name, Anfrage) zum Zwecke der Bearbeitung Ihres Anliegens bei uns gespeichert und verarbeitet. Diese Daten geben wir nicht ohne Ihre Einwilligung weiter.<\/span><\/p>\n                    <p><span style=\"font-family: Arimo; font-size: 16px;\">Die Verarbeitung dieser Daten erfolgt auf Grundlage von Art. 6 Abs. 1 lit. b DSGVO, sofern Ihre Anfrage mit der Erf\u00fcllung eines Vertrags zusammenh\u00e4ngt oder zur Durchf\u00fchrung vorvertraglicher Ma\u00dfnahmen erforderlich ist. In allen \u00fcbrigen F\u00e4llen beruht die Verarbeitung auf Ihrer Einwilligung (Art. 6 Abs. 1 lit. a DSGVO) und\/oder auf unseren berechtigten Interessen (Art. 6 Abs. 1 lit. f DSGVO), da wir ein berechtigtes Interesse an der effektiven Bearbeitung der an uns gerichteten Anfragen haben.<\/span><\/p>\n                    <p><span style=\"font-family: Arimo; font-size: 16px;\">Die von Ihnen an uns per Kontaktanfragen \u00fcbersandten Daten verbleiben bei uns, bis Sie uns zur L\u00f6schung auffordern, Ihre Einwilligung zur Speicherung widerrufen oder der Zweck f\u00fcr die Datenspeicherung entf\u00e4llt (z. B. nach abgeschlossener Bearbeitung Ihres Anliegens). Zwingende gesetzliche Bestimmungen \u2013 insbesondere gesetzliche Aufbewahrungsfristen \u2013 bleiben unber\u00fchrt.<\/span><\/p>\n                    <p><strong style=\"color: rgb(93, 182, 250); font-family: Arimo; font-size: 16px;\"><span>VERARBEITEN VON DATEN (KUNDEN- UND VERTRAGSDATEN)<\/span><\/strong><\/p>\n                    <p><span style=\"font-family: Arimo; font-size: 16px;\">Wir erheben, verarbeiten und nutzen personenbezogene Daten nur, soweit sie f\u00fcr die Begr\u00fcndung, inhaltliche Ausgestaltung oder \u00c4nderung des Rechtsverh\u00e4ltnisses erforderlich sind (Bestandsdaten). Dies erfolgt auf Grundlage von Art. 6 Abs. 1 lit. b DSGVO, der die Verarbeitung von Daten zur Erf\u00fcllung eines Vertrags oder vorvertraglicher Ma\u00dfnahmen gestattet. Personenbezogene Daten \u00fcber die Inanspruchnahme unserer Internetseiten (Nutzungsdaten) erheben, verarbeiten und nutzen wir nur, soweit dies erforderlich ist, um dem Nutzer die Inanspruchnahme des Dienstes zu erm\u00f6glichen oder abzurechnen.<\/span><\/p>\n                    <p><span style=\"font-family: Arimo; font-size: 16px;\">Die erhobenen Kundendaten werden nach Abschluss des Auftrags oder Beendigung der Gesch\u00e4ftsbeziehung gel\u00f6scht. Gesetzliche Aufbewahrungsfristen bleiben unber\u00fchrt.<\/span><\/p>\n                    <p><strong style=\"color: rgb(93, 182, 250); font-family: Arimo; font-size: 16px;\"><span>DATEN\u00dcBERMITTLUNG BEI VERTRAGSSCHLUSS F\u00dcR ONLINE-SHOPS, H\u00c4NDLER UND WARENVERSAND<\/span><\/strong><\/p>\n                    <p><span style=\"font-family: Arimo; font-size: 16px;\">Wir \u00fcbermitteln personenbezogene Daten an Dritte nur dann, wenn dies im Rahmen der Vertragsabwicklung notwendig ist, etwa an die mit der Lieferung der Ware betrauten Unternehmen oder das mit der Zahlungsabwicklung beauftragte Kreditinstitut. Eine weitergehende \u00dcbermittlung der Daten erfolgt nicht bzw. nur dann, wenn Sie der \u00dcbermittlung ausdr\u00fccklich zugestimmt haben. Eine Weitergabe Ihrer Daten an Dritte ohne ausdr\u00fcckliche Einwilligung, etwa zu Zwecken der Werbung, erfolgt nicht.<\/span><\/p>\n                    <p><span style=\"font-family: Arimo; font-size: 16px;\">Grundlage f\u00fcr die Datenverarbeitung ist Art. 6 Abs. 1 lit. b DSGVO, der die Verarbeitung von Daten zur Erf\u00fcllung eines Vertrags oder vorvertraglicher Ma\u00dfnahmen gestattet.<\/span><\/p>\n                    <p><strong style=\"color: rgb(93, 182, 250); font-family: Arimo; font-size: 16px;\"><span>DATEN\u00dcBERMITTLUNG BEI VERTRAGSSCHLUSS F\u00dcR DIENSTLEISTUNGEN UND DIGITALE INHALTE<\/span><\/strong><\/p>\n                    <p><span style=\"font-family: Arimo; font-size: 16px;\">Wir \u00fcbermitteln personenbezogene Daten an Dritte nur dann, wenn dies im Rahmen der Vertragsabwicklung notwendig ist, etwa an das mit der Zahlungsabwicklung beauftragte Kreditinstitut.<\/span><\/p>\n                    <p><span style=\"font-family: Arimo; font-size: 16px;\">Eine weitergehende \u00dcbermittlung der Daten erfolgt nicht bzw. nur dann, wenn Sie der \u00dcbermittlung ausdr\u00fccklich zugestimmt haben. Eine Weitergabe Ihrer Daten an Dritte ohne ausdr\u00fcckliche Einwilligung, etwa zu Zwecken der Werbung, erfolgt nicht.<\/span><\/p>\n                    <p><span style=\"font-family: Arimo; font-size: 16px;\">Grundlage f\u00fcr die Datenverarbeitung ist Art. 6 Abs. 1 lit. b DSGVO, der die Verarbeitung von Daten zur Erf\u00fcllung eines Vertrags oder vorvertraglicher Ma\u00dfnahmen gestattet.<\/span><\/p>\n                    <p>\n                      <br>\n                    <\/p>\n                    <p><strong style=\"color: rgb(93, 182, 250); font-family: Arimo; font-size: 16px;\">BESCHWERDERECHT BEI DER ZUST\u00c4NDIGEN AUFSICHTSBEH\u00d6RDE<\/strong><\/p>\n                    <p><span style=\"font-family: Arimo; font-size: 16px;\">Im Falle von Verst\u00f6\u00dfen gegen die DSGVO steht den Betroffenen ein Beschwerderecht bei einer Aufsichtsbeh\u00f6rde, insbesondere in dem Mitgliedstaat ihres gew\u00f6hnlichen Aufenthalts, ihres Arbeitsplatzes oder des Orts des mutma\u00dflichen Versto\u00dfes zu. Das Beschwerderecht besteht unbeschadet anderweitiger verwaltungsrechtlicher oder gerichtlicher Rechtsbehelfe.<\/span><\/p>\n                    <p><strong style=\"color: rgb(93, 182, 250); font-family: Arimo; font-size: 16px;\">RECHT AUF DATEN\u00dcBERTRAGBARKEIT<\/strong><\/p>\n                    <p><span style=\"font-family: Arimo; font-size: 16px;\">Sie haben das Recht, Daten, die wir auf Grundlage Ihrer Einwilligung oder in Erf\u00fcllung eines Vertrags automatisiert verarbeiten, an sich oder an einen Dritten in einem g\u00e4ngigen, maschinenlesbaren Format aush\u00e4ndigen zu lassen. Sofern Sie die direkte \u00dcbertragung der Daten an einen anderen Verantwortlichen verlangen, erfolgt dies nur, soweit es technisch machbar ist.<\/span><\/p>\n                    <p><strong style=\"color: rgb(93, 182, 250); font-family: Arimo; font-size: 16px;\">SSL- BZW. TLS-VERSCHL\u00dcSSELUNG<\/strong><\/p>\n                    <p><span style=\"font-family: Arimo; font-size: 16px;\">Diese Seite nutzt aus Sicherheitsgr\u00fcnden und zum Schutz der \u00dcbertragung vertraulicher Inhalte, wie zum Beispiel Bestellungen oder Anfragen, die Sie an uns als Seitenbetreiber senden, eine SSL-bzw. TLS-Verschl\u00fcsselung. Eine verschl\u00fcsselte Verbindung erkennen Sie daran, dass die Adresszeile des Browsers von \u201ehttp:\/\/\u201c auf \u201ehttps:\/\/\u201c wechselt und an dem Schloss-Symbol in Ihrer Browserzeile.<\/span><\/p>\n                    <p><span style=\"font-family: Arimo; font-size: 16px;\">Wenn die SSL- bzw. TLS-Verschl\u00fcsselung aktiviert ist, k\u00f6nnen die Daten, die Sie an uns \u00fcbermitteln, nicht von Dritten mitgelesen werden.<\/span><\/p>\n                  <\/div>\n                <\/div>\n              <\/div>\n            <\/div>\n          <\/div>\n        <\/div>\n      <\/div>\n    <\/div>\n  <\/div>\n<\/div>","protected":false},"excerpt":{"rendered":"<p>Datenschutzerkl\u00e4rung &nbsp; In dieser Datenschutzerkl\u00e4rung informieren wir Sie \u00fcber die Verarbeitung personenbezogener Daten bei der Nutzung dieser Website.&nbsp; Die folgenden Hinweise geben einen \u00dcberblick dar\u00fcber, was mit diesen passiert, wenn Sie unsere Website besuchen. Personenbezogene Daten sind alle Daten, mit denen Sie pers\u00f6nlich identifiziert werden k\u00f6nnen.&nbsp;Die Betreiber dieser Seiten nehmen den Schutz Ihrer pers\u00f6nlichen Daten [&hellip;]<\/p>\n","protected":false},"author":1,"featured_media":0,"parent":0,"menu_order":0,"comment_status":"closed","ping_status":"closed","template":"page-templates\/full-width-page.php","meta":{"footnotes":""},"class_list":["post-166","page","type-page","status-publish","hentry"],"_links":{"self":[{"href":"https:\/\/hotelfux.de\/index.php?rest_route=\/wp\/v2\/pages\/166","targetHints":{"allow":["GET"]}}],"collection":[{"href":"https:\/\/hotelfux.de\/index.php?rest_route=\/wp\/v2\/pages"}],"about":[{"href":"https:\/\/hotelfux.de\/index.php?rest_route=\/wp\/v2\/types\/page"}],"author":[{"embeddable":true,"href":"https:\/\/hotelfux.de\/index.php?rest_route=\/wp\/v2\/users\/1"}],"replies":[{"embeddable":true,"href":"https:\/\/hotelfux.de\/index.php?rest_route=%2Fwp%2Fv2%2Fcomments&post=166"}],"version-history":[{"count":3,"href":"https:\/\/hotelfux.de\/index.php?rest_route=\/wp\/v2\/pages\/166\/revisions"}],"predecessor-version":[{"id":183,"href":"https:\/\/hotelfux.de\/index.php?rest_route=\/wp\/v2\/pages\/166\/revisions\/183"}],"wp:attachment":[{"href":"https:\/\/hotelfux.de\/index.php?rest_route=%2Fwp%2Fv2%2Fmedia&parent=166"}],"curies":[{"name":"wp","href":"https:\/\/api.w.org\/{rel}","templated":true}]}}